+ 16*v - 9. Is h(4) prime?
False
Let m(y) = 11 - 11 - 5*y - 16*y + 13. Let t be m(-17). Suppose 5*r - t = -5*v, -5*v - 113 = -2*r - 0*v. Is r a composite number?
True
Suppose -20*h + 11*h = 27. Is (6/1 - -1058) + h prime?
True
Suppose -3230 = 3*j - 2*p, 0 = -j + 2*j - 4*p + 1060. Let a = j + 4571. Is a a composite number?
False
Is -3*((-13)/(-12) + 60/240) - -556705 prime?
False
Suppose -2*l + 238834 = 2*p, 21*l - 26*l + 477668 = 4*p. Is p a prime number?
True
Let v = 167 + -179. Is -3 - (15075/v + 2/8) prime?
False
Let a(s) = 13454*s - 1619. Is a(12) a prime number?
False
Let i(g) = 37*g**3 - 11*g**2 + 17*g - 37. Let m(q) = -q**3 - q**2 + q - 1. Let r(v) = i(v) - 2*m(v). Is r(10) a prime number?
False
Is ((-44)/6)/(4 + (-259458)/64863) a prime number?
False
Let u be (-7)/((-3)/146637*1). Is (-4)/3*u/(-84) a composite number?
False
Let a(b) be the third derivative of b**7/252 + b**6/360 + b**5/24 - 7*b**4/24 - 2*b**2. Let h(v) be the second derivative of a(v). Is h(6) prime?
False
Let j = -43266 + 123407. Is j a prime number?
True
Suppose -a + 7 = 3*n, -n + 0*n + 2*a + 7 = 0. Let d be 1/((-13079)/17444 + n/4). Suppose -11302 = -11*h - d. Is h composite?
False
Is 13/(-5 + -34)*-45681 a prime number?
True
Let z(t) be the second derivative of 47*t**5/20 - t**4/4 - t**3/6 + 8*t**2 + 115*t. Is z(9) composite?
True
Let c = -17731 - -25272. Is c prime?
True
Let f = -800894 + 1577143. Is f composite?
False
Let a be (-4)/12 - (-7986)/9. Let y = a + -2463. Let l = -1057 - y. Is l a composite number?
True
Suppose -3 + 12 = 3*z. Let n(f) = 93*f**2 + f - 83*f**2 - 5 - 3*f. Is n(z) a composite number?
False
Let i(q) = -3*q - 17. Let n be i(-12). Let z = 22 - n. Suppose -z*x + 4562 = -x. Is x composite?
False
Let n(h) = -5*h**2 + 20*h. Let b be n(4). Is (-3 + 3)/2 - (b + -1123) a prime number?
True
Suppose -3*a + 19 = 2*v, 5*v = a + 28 + 45. Let w(i) be the second derivative of i**5/20 - 13*i**4/12 - i**3/6 + 29*i**2/2 + 8*i. Is w(v) a composite number?
False
Let d(a) = 11*a - 30. Let y be d(3). Suppose 5*m - 48134 = -s, -y*s = 17*m - 20*m - 144348. Is s a composite number?
False
Let j = -135315 - -219394. Is j prime?
False
Suppose 9*o = 4*s + 4*o - 308568, -3*o - 12 = 0. Is s a prime number?
True
Suppose 5*b + 3399 = v, -6*v = -8*v + b + 6780. Is v a prime number?
True
Let y(d) = -d**2 + d - 1. Let z be y(0). Is (z/1)/((-17)/33133) a composite number?
False
Let w = 103 - 174. Let l = -71 - w. Suppose -12*a + a + 42229 = l. Is a prime?
False
Let i(t) = -t**2 + 149*t - 2360. Let u be i(131). Suppose b = -3*b + 16. Is u/b*(-806)/13 a composite number?
False
Suppose 5*x - 4117415 = -12*x + 409226. Is x a composite number?
True
Let m = 3648530 - 2461635. Is m composite?
True
Let m = 179376 + -117103. Is m composite?
False
Let k(y) = -3*y + 1. Let f be k(7). Is -64706*-5*(-2)/f prime?
True
Is (-109)/872 - (-19673)/8 a prime number?
True
Let k = 2231 + 21278. Is k a composite number?
False
Suppose -2*l - 3*n + 295724 = 0, -5*n + 48 = 18. Is l a composite number?
False
Let p(v) = -12*v + 11. Let l be p(1). Let q(c) = -9128*c**3 - 2*c**2 - 3*c - 2. Is q(l) a prime number?
True
Let z(y) = -27*y + 21*y + 55 - 98*y. Is z(-6) a prime number?
False
Let v(y) = y**2 + 6*y + 28. Let u(i) = i**3 + 9*i**2 + 10*i + 3. Let a(c) = c**2 - 7*c - 8. Let g be a(7). Let h be u(g). Is v(h) a composite number?
True
Let l(g) = g**2 + 18*g + 17. Let j be l(-19). Suppose 2536 = -j*k + 44*k. Is k a composite number?
False
Let x(t) = -t**2 + 6*t + 7. Let d be x(7). Let g be 8*(-7)/(-252) - (-87674)/18. Suppose 4*o - g - 741 = d. Is o composite?
True
Let z = -259041 + 456002. Is z composite?
False
Let z be ((-33)/18*-2)/((-4)/12). Is (-2770)/(-3) + z/33 + -2 a prime number?
False
Let x(q) = 3024*q + 97. Suppose -17 = -3*d + 4*a, d + 0*d = -2*a - 1. Is x(d) a prime number?
False
Let n(v) = v**2 + 8*v - 6. Let t be (-3)/((-6)/4)*(-4)/1. Let s be n(t). Is s/14 - (2 - 17230/7) a composite number?
False
Let r = -24 - -26. Let f(t) = -3*t**r - 16 - 3*t**2 - 4*t + 6*t**3 + 3*t**2 + 13. Is f(4) prime?
True
Let i = 221 - 218. Suppose t - 3492 = l, 0 = -i*l - 19 + 4. Is t prime?
False
Is 2/2 + 0 - -90698 - (3 - 7) prime?
True
Let k(z) = -22*z - 226. Let t be k(-44). Is t + 208 + (2*1 - -1) a composite number?
False
Suppose 2*t = 7*t + d - 11, 0 = t - 2*d. Suppose 0*f = -u + f + 3, -t*u - 4*f = 0. Suppose -r - 2*v + 86 = 0, 3*v = -u*v + 10. Is r prime?
False
Let j(i) = 137*i - 69*i - 62*i - 19 - 10. Let q be j(6). Suppose o - 8021 = 3*y, 3*y + 7993 = o + q*y. Is o a prime number?
True
Let z = 96631 + -59658. Is z prime?
True
Suppose -s + t = -7353, 0*t + 22035 = 3*s + 3*t. Let u = s - 493. Suppose -3*x = 5*p - u, -2761 = -4*p + 2*p + 5*x. Is p a composite number?
False
Suppose -5*z + 10*z = 30. Let k be z/(24/1078) + 1/(-2). Suppose p = m + 74, -2*p - 5*m + k = 2*p. Is p a prime number?
True
Let o = 212 - 218. Is (72/120)/(o/(-5410)) prime?
True
Let x = 92433 - -1031728. Is x a prime number?
False
Let b = -475799 - -1757150. Is b prime?
False
Suppose -3*n = 4*a - 10629, -n - 180*a + 3543 = -175*a. Is n a prime number?
False
Let d(a) = -216*a + 15. Let t be d(-4). Let l(v) = -v**2 + 7*v - 6. Let h be l(5). Suppose -h*q = -q - t. Is q a prime number?
True
Suppose 3*y - 21*y + 8033840 = 62*y. Is y prime?
False
Let w be (-36)/6*8/(-12). Suppose -t = 2*t - 678. Suppose 0 = -2*d + 4*i + t, 0 = -0*i - w*i. Is d a prime number?
True
Let k(m) = 3*m**3 + 89*m**2 - 28*m + 47. Let g be k(-30). Suppose -f = -141 + 49. Let l = f + g. Is l composite?
False
Let l(o) = 7*o**3 - 4*o - 5. Let s be l(-2). Let m = -53 - s. Suppose 4*h + g - 26 - 434 = m, -5*h + 575 = -2*g. Is h composite?
True
Let u = 215 + 4127. Suppose l - 1077 = -5*r, 4*l + 3*r = -0*l + u. Is l prime?
True
Suppose 0 = 3*q + 10*q - 52. Suppose -2*y - 1261 = -5*m, -m - 3*y + q*y + 251 = 0. Suppose -c = m - 1314. Is c prime?
True
Let k be (10605/(-10))/21*2*-1. Suppose -40360 = k*i - 109*i. Is i prime?
False
Let o be (34/8 + 0)*(-4)/(-1). Suppose -5*x + 21 = 4*c, 3*c = -4*x - 1 + o. Is (4 - x) + 585 + -1 prime?
True
Let u be (1 + (-2 - -1))/(13/13). Suppose -3*y = 3*c + 2*c - 969, u = -c - 5*y + 185. Suppose -35*j - c = -40*j. Is j prime?
False
Suppose 30*g + 5*r = 8*g + 11138883, -4*g - 2*r + 2025246 = 0. Is g composite?
True
Suppose 0 = 3*j + 2*j - 20. Let n(u) be the third derivative of 19*u**4/12 + 11*u**3/6 + u**2 - 24*u. Is n(j) prime?
True
Is (-1637922)/(-9) + 53/(-159) prime?
False
Is 8/(-112) + (-39572929)/(-154) a prime number?
True
Suppose 493*t - 29134 = 491*t. Is t a prime number?
False
Let u(y) = -y**2 + 4*y - 3. Let m be u(2). Let x be (m - 0/(-1))*(-3 + -21). Is ((-18654)/x)/((-1)/(-4)) composite?
False
Let c = -28644 + 64001. Is c a composite number?
True
Let c = -568 + 1933. Suppose 29*a - 27*a = 5528. Let q = a - c. Is q composite?
False
Let m be (-16)/28 + (-15169)/(-49). Suppose m*f = 321*f - 108948. Is f a prime number?
False
Let b be 8/(-28)*(2 + 0 + -9). Suppose -5*h + 610 = -b*l + 1923, -2*h = -2*l + 1328. Is l a composite number?
True
Let u(h) = 95*h**2 - 2*h. Let j be u(2). Let s = -3173 - -5980. Suppose 3*g - j = s. Is g a composite number?
False
Let i(c) = -114*c**3 + 7*c**2 - 10*c - 16. Is i(-7) prime?
True
Suppose 4*b - j + 5*j - 20 = 0, -5*b - 3*j + 27 = 0. Let p be (b/8)/(-1)*-6924. Suppose -19*w = -16*w - p. Is w a prime number?
False
Let l = 710 + -710. Suppose l = 14*x + 31*x - 83925. Is x a prime number?
False
Let t = -899 + 906. Let n(q) = 1 + 28*q - 14 + 8*q. Is n(t) a composite number?
False
Let x(c) = -3*c**3 - 4*c**2 + c + 8. Let j be x(-2). Suppose -s + 654 = -j*h + 15*h, s + 4*h = 669. Is s prime?
False
Suppose -529681 = 11*j - 24*j + 244118. Is j a prime number?
False
Suppose 135*w - 136*w = -3814. Is w a prime number?
False
Suppose -r = -2*p + 28 - 3, 5*p + 4*r - 56 = 0. Is (-66879)/18*(-8)/p a prime number?
True
Let l(a) = -4 + 334*a + 0 + 51*a + 250*a. Let t = 21 - 20. Is l(t) composite?
False
Let n(t) = -t + 17. Let o be n(15). Suppose 2*z - 2 = o. Suppose -57 = -z*i + 85. Is i a composite number?
False
Suppose -n + 2*t + 51773 = 0, -66*n + 62*n + t + 207141 = 0. Is n a prime number?
True
Let v(b) = 133*b + 3. Let g(f) = -f + 1. Let x(r) = 3*g(r) + v(r). Let a be x(16). Let j = a + -989. Is j a prime nu